{"id":492,"date":"2020-06-16T06:56:33","date_gmt":"2020-06-16T06:56:33","guid":{"rendered":"https:\/\/zakra-agency.sites.qsandbox.com\/?page_id=28"},"modified":"2023-01-13T17:09:34","modified_gmt":"2023-01-13T16:09:34","slug":"contact","status":"publish","type":"page","link":"https:\/\/svjbeseda.cz\/web\/contact\/","title":{"rendered":"Kontakty"},"content":{"rendered":"\t\t<div data-elementor-type=\"wp-page\" data-elementor-id=\"492\" class=\"elementor elementor-492\" data-elementor-settings=\"[]\">\n\t\t\t\t\t\t<div class=\"elementor-inner\">\n\t\t\t\t\t\t\t<div class=\"elementor-section-wrap\">\n\t\t\t\t\t\t\t<section class=\"elementor-section elementor-top-section elementor-element elementor-element-8200281 elementor-section-boxed elementor-section-height-default elementor-section-height-default\" data-id=\"8200281\" data-element_type=\"section\">\n\t\t\t\t\t\t<div class=\"elementor-container elementor-column-gap-default\">\n\t\t\t\t\t\t\t<div class=\"elementor-row\">\n\t\t\t\t\t<div class=\"elementor-column elementor-col-50 elementor-top-column elementor-element elementor-element-97472c1\" data-id=\"97472c1\" data-element_type=\"column\">\n\t\t\t<div class=\"elementor-column-wrap elementor-element-populated\">\n\t\t\t\t\t\t\t<div class=\"elementor-widget-wrap\">\n\t\t\t\t\t\t<div class=\"elementor-element elementor-element-6c4f00a elementor-widget elementor-widget-heading\" data-id=\"6c4f00a\" data-element_type=\"widget\" data-widget_type=\"heading.default\">\n\t\t\t\t<div class=\"elementor-widget-container\">\n\t\t\t<h2 class=\"elementor-heading-title elementor-size-medium\">P\u0159edseda SVJ<\/h2>\t\t<\/div>\n\t\t\t\t<\/div>\n\t\t\t\t<div class=\"elementor-element elementor-element-122f8fd elementor-widget elementor-widget-text-editor\" data-id=\"122f8fd\" data-element_type=\"widget\" data-widget_type=\"text-editor.default\">\n\t\t\t\t<div class=\"elementor-widget-container\">\n\t\t\t\t\t<div class=\"elementor-text-editor elementor-clearfix\"><p><strong>Veronika Machov\u00e1<\/strong><br \/>Telefon: 728 656 100<br \/>E-mail:\u00a0<a href=\"mailto:machova@pvso.cz\" target=\"_blank\" rel=\"noopener\">machova@pvso.cz<\/a><\/p><\/div>\n\t\t\t\t<\/div>\n\t\t\t\t<\/div>\n\t\t\t\t\t\t<\/div>\n\t\t\t\t\t<\/div>\n\t\t<\/div>\n\t\t\t\t<div class=\"elementor-column elementor-col-50 elementor-top-column elementor-element elementor-element-1c444a7\" data-id=\"1c444a7\" data-element_type=\"column\">\n\t\t\t<div class=\"elementor-column-wrap elementor-element-populated\">\n\t\t\t\t\t\t\t<div class=\"elementor-widget-wrap\">\n\t\t\t\t\t\t<div class=\"elementor-element elementor-element-64819cc elementor-widget elementor-widget-heading\" data-id=\"64819cc\" data-element_type=\"widget\" data-widget_type=\"heading.default\">\n\t\t\t\t<div class=\"elementor-widget-container\">\n\t\t\t<h2 class=\"elementor-heading-title elementor-size-medium\">Ekonomickou a technickou spr\u00e1vu nemovitosti zaji\u0161\u0165uje spole\u010dnost<\/h2>\t\t<\/div>\n\t\t\t\t<\/div>\n\t\t\t\t<div class=\"elementor-element elementor-element-2a38105 elementor-widget elementor-widget-text-editor\" data-id=\"2a38105\" data-element_type=\"widget\" data-widget_type=\"text-editor.default\">\n\t\t\t\t<div class=\"elementor-widget-container\">\n\t\t\t\t\t<div class=\"elementor-text-editor elementor-clearfix\"><p>\u010cESK\u00dd SPR\u00c1VCE s.r.o.<\/p><p><strong>Pavel Vacek, Ing. Libor Varhan\u00edk<\/strong><br \/>Telefon: 778 084 050, 777 949 782<br \/>E-mail:\u00a0<a href=\"mailto:spravaBD@centrum.cz\" target=\"_blank\" rel=\"noopener\">spravaBD@centrum.cz<\/a><\/p><\/div>\n\t\t\t\t<\/div>\n\t\t\t\t<\/div>\n\t\t\t\t\t\t<\/div>\n\t\t\t\t\t<\/div>\n\t\t<\/div>\n\t\t\t\t\t\t\t\t<\/div>\n\t\t\t\t\t<\/div>\n\t\t<\/section>\n\t\t\t\t<section class=\"elementor-section elementor-top-section elementor-element elementor-element-0692dfe elementor-section-boxed elementor-section-height-default elementor-section-height-default\" data-id=\"0692dfe\" data-element_type=\"section\">\n\t\t\t\t\t\t<div class=\"elementor-container elementor-column-gap-default\">\n\t\t\t\t\t\t\t<div class=\"elementor-row\">\n\t\t\t\t\t<div class=\"elementor-column elementor-col-100 elementor-top-column elementor-element elementor-element-f510c00\" data-id=\"f510c00\" data-element_type=\"column\">\n\t\t\t<div class=\"elementor-column-wrap elementor-element-populated\">\n\t\t\t\t\t\t\t<div class=\"elementor-widget-wrap\">\n\t\t\t\t\t\t<div class=\"elementor-element elementor-element-620bdfd elementor-position-top elementor-vertical-align-top elementor-widget elementor-widget-image-box\" data-id=\"620bdfd\" data-element_type=\"widget\" data-widget_type=\"image-box.default\">\n\t\t\t\t<div class=\"elementor-widget-container\">\n\t\t\t<div class=\"elementor-image-box-wrapper\"><div class=\"elementor-image-box-content\"><h4 class=\"elementor-image-box-title\">N\u00e1zev<\/h4><p class=\"elementor-image-box-description\">Spole\u010denstv\u00ed vlastn\u00edk\u016f jednotek Beseda 5113, Jihlava\nSZ: S 5586 veden\u00e1 u Krajsk\u00e9ho soudu v Brn\u011b\nI\u010c: 27721001<\/p><\/div><\/div>\t\t<\/div>\n\t\t\t\t<\/div>\n\t\t\t\t<div class=\"elementor-element elementor-element-2972252 elementor-position-top elementor-vertical-align-top elementor-widget elementor-widget-image-box\" data-id=\"2972252\" data-element_type=\"widget\" data-widget_type=\"image-box.default\">\n\t\t\t\t<div class=\"elementor-widget-container\">\n\t\t\t<div class=\"elementor-image-box-wrapper\"><div class=\"elementor-image-box-content\"><h4 class=\"elementor-image-box-title\">Adresa<\/h4><p class=\"elementor-image-box-description\">Sr\u00e1zn\u00e1 5113\/1<br>58601-Jihlava<\/p><\/div><\/div>\t\t<\/div>\n\t\t\t\t<\/div>\n\t\t\t\t\t\t<\/div>\n\t\t\t\t\t<\/div>\n\t\t<\/div>\n\t\t\t\t\t\t\t\t<\/div>\n\t\t\t\t\t<\/div>\n\t\t<\/section>\n\t\t\t\t<section class=\"elementor-section elementor-top-section elementor-element elementor-element-02253f7 elementor-section-full_width elementor-section-height-default elementor-section-height-default\" data-id=\"02253f7\" data-element_type=\"section\">\n\t\t\t\t\t\t<div class=\"elementor-container elementor-column-gap-no\">\n\t\t\t\t\t\t\t<div class=\"elementor-row\">\n\t\t\t\t\t<div class=\"elementor-column elementor-col-100 elementor-top-column elementor-element elementor-element-5db8422\" data-id=\"5db8422\" data-element_type=\"column\">\n\t\t\t<div class=\"elementor-column-wrap elementor-element-populated\">\n\t\t\t\t\t\t\t<div class=\"elementor-widget-wrap\">\n\t\t\t\t\t\t<div class=\"elementor-element elementor-element-3bf9b30 elementor-widget elementor-widget-google_maps\" data-id=\"3bf9b30\" data-element_type=\"widget\" data-widget_type=\"google_maps.default\">\n\t\t\t\t<div class=\"elementor-widget-container\">\n\t\t\t<div class=\"elementor-custom-embed\"><iframe frameborder=\"0\" scrolling=\"no\" marginheight=\"0\" marginwidth=\"0\" src=\"https:\/\/maps.google.com\/maps?q=Sr%C3%A1zn%C3%A1%201%2C%20Jihlava&amp;t=m&amp;z=15&amp;output=embed&amp;iwloc=near\" title=\"Sr\u00e1zn\u00e1 1, Jihlava\" aria-label=\"Sr\u00e1zn\u00e1 1, Jihlava\"><\/iframe><\/div>\t\t<\/div>\n\t\t\t\t<\/div>\n\t\t\t\t\t\t<\/div>\n\t\t\t\t\t<\/div>\n\t\t<\/div>\n\t\t\t\t\t\t\t\t<\/div>\n\t\t\t\t\t<\/div>\n\t\t<\/section>\n\t\t\t\t\t\t<\/div>\n\t\t\t\t\t\t<\/div>\n\t\t\t\t\t<\/div>\n\t\t","protected":false},"excerpt":{"rendered":"<p>P\u0159edseda SVJ Veronika Machov\u00e1Telefon: 728 656 100E-mail:\u00a0machova@pvso.cz Ekonomickou a technickou spr\u00e1vu nemovitosti zaji\u0161\u0165uje spole\u010dnost \u010cESK\u00dd SPR\u00c1VCE s.r.o. Pavel Vacek, Ing. Libor Varhan\u00edkTelefon: 778 084 050, 777 949 782E-mail:\u00a0spravaBD@centrum.cz N\u00e1zev Spole\u010denstv\u00ed vlastn\u00edk\u016f jednotek Beseda 5113, Jihlava SZ: S 5586 veden\u00e1 u Krajsk\u00e9ho soudu v Brn\u011b I\u010c: 27721001 Adresa Sr\u00e1zn\u00e1 5113\/158601-Jihlava<\/p>\n","protected":false},"author":1,"featured_media":0,"parent":0,"menu_order":0,"comment_status":"closed","ping_status":"closed","template":"page-templates\/pagebuilder.php","meta":[],"_links":{"self":[{"href":"https:\/\/svjbeseda.cz\/web\/wp-json\/wp\/v2\/pages\/492"}],"collection":[{"href":"https:\/\/svjbeseda.cz\/web\/wp-json\/wp\/v2\/pages"}],"about":[{"href":"https:\/\/svjbeseda.cz\/web\/wp-json\/wp\/v2\/types\/page"}],"author":[{"embeddable":true,"href":"https:\/\/svjbeseda.cz\/web\/wp-json\/wp\/v2\/users\/1"}],"replies":[{"embeddable":true,"href":"https:\/\/svjbeseda.cz\/web\/wp-json\/wp\/v2\/comments?post=492"}],"version-history":[{"count":37,"href":"https:\/\/svjbeseda.cz\/web\/wp-json\/wp\/v2\/pages\/492\/revisions"}],"predecessor-version":[{"id":861,"href":"https:\/\/svjbeseda.cz\/web\/wp-json\/wp\/v2\/pages\/492\/revisions\/861"}],"wp:attachment":[{"href":"https:\/\/svjbeseda.cz\/web\/wp-json\/wp\/v2\/media?parent=492"}],"curies":[{"name":"wp","href":"https:\/\/api.w.org\/{rel}","templated":true}]}}